d be v(-6). Suppose 0 = d*b - w + 2. What are the prime factors of b?
2
List the prime factors of -21 + 25 - 184/(-2).
2, 3
Let m be 2/5 - 23/(-5). Suppose 3*q = -5*t + 12 + 33, -m*t + q = -25. List the prime factors of 14/6 - 2/t.
2
Let r(g) = -g**3 - g**2 - 2*g + 4. Let b be r(-4). Let l be ((-2)/(-6))/(5/b). What are the prime factors of (4/(-10))/(l/(-100))?
2, 5
Suppose 5*b = 4*t + 367, 0*b - 3*t - 69 = -b. What are the prime factors of b?
3, 5
Suppose -5*o + 13 = -4*v, 5*v - 8 = -4*o + 27. Suppose 2*z - 30 = -4*k, 4*k - 28 - 27 = v*z. What are the prime factors of k?
2, 5
List the prime factors of (14 - -5) + 0/3.
19
Suppose k + 1 = 4. List the prime factors of k.
3
Suppose -4*b - 3*o + 235 = 10, 5*b = -5*o + 285. What are the prime factors of b?
2, 3
Suppose 0*f + 15 = -5*f. List the prime factors of 34*((-10)/4 - f).
17
Let v(g) = -g**3 + 6*g**2 + 6*g + 1. Suppose -1 - 34 = -5*c. Let k be v(c). Let p(y) = -3*y - 1. List the prime factors of p(k).
17
Suppose 0 = -0*j + 4*j - 72. What are the prime factors of j?
2, 3
Suppose 0 = -4*l - 0*l + 12. What are the prime factors of l?
3
List the prime factors of 2/(-11) + (-2679)/(-33).
3
Suppose -2*x + 10 = 0, -3*v + 8 = -0*v + 4*x. Let g = v + 15. What are the prime factors of g?
11
Let v be (-2)/3*3/(-2). Let i be (-3 + v)/((-2)/3). Suppose -35 = -2*g - i*g. What are the prime factors of g?
7
Suppose 3*q - 5*q + 6 = 0. What are the prime factors of q?
3
Suppose -2*j + 46 = 14. Let c = j - 9. List the prime factors of c.
7
Let y = -10 - -17. Let h = y - 4. What are the prime factors of h?
3
Let h = -5 - -11. Suppose -4*z - 4*a + 30 = -z, -4*a = -3*z + h. Let p(b) = -b**2 + 7*b + 2. What are the prime factors of p(z)?
2
Let y = 18 - 15. Suppose -5*m + 4*p + 86 = 0, 3*m + y*p - 58 = -2*m. What are the prime factors of m?
2, 7
Let f be (3 - 2) + -3 + 9. Let x(w) = -f - 2*w - 2*w + w. List the prime factors of x(-6).
11
Let x = 2 - -3. Let b = -5 + x. Suppose 2*z + b*z - 4 = 0. List the prime factors of z.
2
What are the prime factors of ((-386)/(-6))/((-8)/(-24))?
193
Let m(n) = -n**3 - 19*n**2 - 26*n - 16. List the prime factors of m(-18).
2
Let u(k) = k**3 - 5*k**2 + 7*k - 11. What are the prime factors of u(5)?
2, 3
Suppose -26*p - 1265 = -31*p. What are the prime factors of p?
11, 23
Let w(q) = q**2 + 15*q - 19. List the prime factors of w(-26).
3, 89
Let p = -5 + 7. Suppose p*x + 5*x - 154 = 0. List the prime factors of x.
2, 11
List the prime factors of (-42)/(-9) + 2/(-3).
2
Suppose 0*w - 12 = -2*w. List the prime factors of w/(-3) - -8*2.
2, 7
Let x = 46 - -1. Suppose 2*p - 21 - x = 0. What are the prime factors of p?
2, 17
Let r be 11/1 + (1 - -1). Let c be (42/8)/((-1)/(-4)). Let h = c - r. What are the prime factors of h?
2
Suppose -13*a + 15*a = 12. List the prime factors of a.
2, 3
Suppose -g + 2 = -0. Suppose 1 = o + g. List the prime factors of 98/6 + o/3.
2
Let g(q) = 2*q**3 - 7*q**2 - 2*q. Let k be g(5). Suppose k = 3*w + 4*z, 0*w + 2*z - 55 = -3*w. List the prime factors of w.
3, 5
Let h = 7 + -9. Let m(u) = -4*u - 3. List the prime factors of m(h).
5
Suppose -14*x + 50 = -9*x. List the prime factors of x.
2, 5
Suppose -4*k + 89 - 658 = -3*s, s + 5*k - 215 = 0. What are the prime factors of s?
3, 5, 13
Let y(v) = -66*v - 3. What are the prime factors of y(-2)?
3, 43
Let g = 178 - 105. What are the prime factors of g?
73
Let g(y) be the first derivative of 4*y**2 - y - 5. What are the prime factors of g(2)?
3, 5
Let w = 25 + -53. Let p = w + 54. What are the prime factors of p?
2, 13
Let a = -108 - -256. What are the prime factors of a?
2, 37
Let k be (12/(-3))/(0 - -2). What are the prime factors of (-6)/(-9)*12 + k?
2, 3
Let g be (0/(1 + -3))/(-1). Let c be (g + -3)/(12/(-56)). Let p = c + -6. List the prime factors of p.
2
Let f be 74/12 + 3/(-18). Suppose -11*x = -f*x - 85. What are the prime factors of x?
17
Let r = -65 + 117. What are the prime factors of r?
2, 13
Suppose 0*m - 3*m = 6, -2*w + 3*m + 646 = 0. List the prime factors of w.
2, 5
Let w = 17 + -10. Suppose 5*j = -2*u + w, 3*j - 4*u - 22 = j. List the prime factors of j.
3
Suppose -568 - 68 = -4*a. What are the prime factors of a?
3, 53
Suppose 4*p = -119 + 431. List the prime factors of p.
2, 3, 13
Let z = 0 + 4. Let w(s) = -2*s**2 + 8 + z*s**2 + 10*s - 3 - s**2. List the prime factors of w(-11).
2
Let b(c) = -c**2. Let q be b(5). Let r be (0 - 10)*10/q. Suppose -r*l - 14 = 4*a - 50, 5*a - 5*l = 45. List the prime factors of a.
3
Let b = -10 - -11. Suppose -4*x - 12 = -0*x. Let m = b - x. List the prime factors of m.
2
List the prime factors of ((-6)/(-15))/(6/390).
2, 13
Suppose h + 5*s = 3*s + 43, -2*s = 4*h - 148. List the prime factors of h.
5, 7
What are the prime factors of ((-6)/(-5))/((-6)/(-20))?
2
Let o(v) be the third derivative of v**6/120 - 2*v**5/15 - v**4/2 - 4*v**3/3 - 3*v**2. Let h be o(9). What are the prime factors of h/(-3) - (-1)/3?
2, 3
Let c = 7 + 0. Let o = c + 5. What are the prime factors of o?
2, 3
Suppose 0 = -2*l + 8, -4*l + 28 = 5*k - 3*k. Let i(b) = 2*b + 12. List the prime factors of i(k).
2, 3
Let b be 44*(30/8)/(-5). Let k be (3 - b)*2/(-4). List the prime factors of (-12)/k + (-8)/(-6).
2
Let m(v) = -v**3 - 7*v**2 + 24*v + 12. What are the prime factors of m(-10)?
2, 3
Suppose -3*f - 2*o + 36 = -303, 0 = f - 4*o - 113. List the prime factors of f.
113
List the prime factors of 37 - (-2 - (-10 - -3)).
2
List the prime factors of (11 + -8)/(3/10).
2, 5
Suppose 17 = -5*u + 217. List the prime factors of u.
2, 5
Suppose -c + 61 = 2*o, c - 3 = 2. Let i = -37 + 18. Let j = o + i. List the prime factors of j.
3
Suppose 0 = q - 5*q - 3*v - 19, -q + 3*v - 1 = 0. Let z = -1 - q. Suppose z*l - 24 = l. List the prime factors of l.
2, 3
Suppose -2*j + 223 = -5*r, -3*j = -2*r - 211 - 107. What are the prime factors of j?
2, 13
What are the prime factors of (-4 + 39)/(0/1 + 1)?
5, 7
Suppose 3*p - 67 = 17. List the prime factors of p.
2, 7
Let g = -20 + 11. Let z = g - -5. List the prime factors of (-38)/(-4) - (-2)/z.
3
Suppose -4 = 4*k, 2*c = 6*c + 4*k - 52. Suppose -4*v = -4*f - c - 10, -4*v = 4*f - 48. List the prime factors of v.
3
Let a(q) = 3*q + 0*q**2 + 9*q**2 + 3*q - 6 + 0 + q**3. List the prime factors of a(-8).
2, 5
Let m(t) = 2*t - 5 - 3*t + 0*t - t. Let l be m(-4). Suppose -d - 4*q + 17 + 21 = 0, d - l*q = 10. What are the prime factors of d?
2, 11
Let g = 4 - -13. What are the prime factors of g?
17
Let u(x) = 2*x**3 + 5*x**2 - 3*x - 1. Let k be u(-4). Let s(t) = -3*t**2 - t + 4. Let d be s(3). Let f = d - k. List the prime factors of f.
11
Let o = 8 - 7. Let z be -10 - 4*o/2. List the prime factors of (34/8)/((-3)/z).
17
Let p(s) = -s + 4. Suppose -10 - 14 = 4*h. What are the prime factors of p(h)?
2, 5
Let b be (-3)/(-2)*(-4)/(-3). Let v(l) = 7*l**2 - 4*l + 2. List the prime factors of v(b).
2, 11
Let k(y) = -y**3 + y - 1. Let t(o) = -3*o**3 - 8*o**2 + o + 4. Let h(a) = -2*k(a) + t(a). List the prime factors of h(-8).
2, 7
Let m = 2 + -2. Let i = m + 6. List the prime factors of i.
2, 3
Let y = 5 + -8. Let i be (9/(-3))/(y/(-4)). List the prime factors of ((-10)/(-3))/(i/(-18)).
3, 5
Let s = 89 - 54. List the prime factors of s.
5, 7
Suppose -5*n + 10*n = -5*q + 80, 3*n = -5*q + 80. Let m be q/12*(-1 + 4). Let a(p) = 2*p**2 - 2*p - 3. List the prime factors of a(m).
3, 7
Let n(q) = -q**2 - 3*q + 3. Let s be n(-3). Let b(a) = a**2 - 2*a + 2. List the prime factors of b(s).
5
Suppose -4*d + 1 = q, 0*q + 10 = q - 5*d. Suppose -2*b + 3*i + 55 = 0, q*b - 2*i + 5*i = 106. List the prime factors of b.
23
Let d(r) = 31*r**2 - 1. Suppose 6*k = 2*w + k + 2, -2*k + 1 = -w. List the prime factors of d(w).
2, 3, 5
Let c = 10 + -19. Let k(b) = 7*b - 1. Let v(j) = -j + 1. Let g(o) = -k(o) - 6*v(o). What are the prime factors of g(c)?
2
Suppose x - 5*x + 35 = 5*t, 0 = 3*x - 15. Suppose -2*i + 32 = -t*k, -3*i + 0*k + 43 = -2*k. What are the prime factors of i?
13
Let d(f) = -163*f - 31. List the prime factors of d(-2).
5, 59
Let o = -1 + 3. Suppose -4*t + 24 = 2*z + 2*z, 0 = -5*z - o*t + 42. List the prime factors of (-88)/(-9) + z/45.
2, 5
Let p = -1 - -4. Suppose -4*w - d = -66, -4*w - p*d = d - 60. What are the prime factors of w?
17
Let a be 8 - -1 - (0 - -2). Suppose 2*b - a = z, -2*